illions digit of 677385625?
7
What is the hundred millions digit of 808041631?
8
What is the hundreds digit of 8096112?
1
What is the hundreds digit of 1698568742?
7
What is the hundreds digit of 2039726771?
7
What is the millions digit of 1707666354?
7
What is the units digit of 4714342544?
4
What is the hundreds digit of 154111232?
2
What is the hundreds digit of 680450110?
1
What is the thousands digit of 109476551?
6
What is the tens digit of 2901696?
9
What is the tens digit of 2614382590?
9
What is the ten millions digit of 78834839?
7
What is the units digit of 735505034?
4
What is the tens digit of 1253253144?
4
What is the hundred thousands digit of 558286812?
2
What is the ten thousands digit of 19918710?
1
What is the millions digit of 74426143?
4
What is the hundred millions digit of 2716824937?
7
What is the thousands digit of 4033535363?
5
What is the hundreds digit of 97263212?
2
What is the hundred thousands digit of 257941452?
9
What is the thousands digit of 141685771?
5
What is the ten millions digit of 5045956820?
4
What is the thousands digit of 230389103?
9
What is the hundred millions digit of 3424881743?
4
What is the billions digit of 4248641209?
4
What is the tens digit of 1884024840?
4
What is the hundred millions digit of 127290943?
1
What is the units digit of 1000639894?
4
What is the units digit of 948871522?
2
What is the billions digit of 1380150325?
1
What is the hundreds digit of 16505172?
1
What is the millions digit of 47467111?
7
What is the ten millions digit of 71648734?
7
What is the millions digit of 1682287895?
2
What is the ten thousands digit of 3496975395?
7
What is the units digit of 1050943700?
0
What is the hundreds digit of 536224405?
4
What is the ten thousands digit of 343024252?
2
What is the units digit of 3055064325?
5
What is the ten millions digit of 10830456?
1
What is the ten millions digit of 234740409?
3
What is the billions digit of 4516371036?
4
What is the ten millions digit of 308460887?
0
What is the millions digit of 225654818?
5
What is the hundreds digit of 551847352?
3
What is the units digit of 30365668?
8
What is the units digit of 1745600?
0
What is the ten millions digit of 1774994796?
7
What is the ten millions digit of 188816116?
8
What is the units digit of 21749944?
4
What is the hundreds digit of 357788350?
3
What is the hundreds digit of 595158353?
3
What is the tens digit of 56863454?
5
What is the millions digit of 2053515?
2
What is the thousands digit of 26990604?
0
What is the hundred thousands digit of 600312328?
3
What is the hundreds digit of 98968169?
1
What is the millions digit of 201201734?
1
What is the ten millions digit of 176330220?
7
What is the units digit of 617964188?
8
What is the units digit of 4007073390?
0
What is the billions digit of 2554030262?
2
What is the ten thousands digit of 94414210?
1
What is the units digit of 395669264?
4
What is the tens digit of 193127017?
1
What is the units digit of 124086911?
1
What is the hundred millions digit of 2230791792?
2
What is the millions digit of 118223386?
8
What is the tens digit of 168405129?
2
What is the hundred thousands digit of 513124168?
1
What is the units digit of 46668632?
2
What is the ten thousands digit of 116689491?
8
What is the millions digit of 43184882?
3
What is the ten thousands digit of 106678940?
7
What is the hundred millions digit of 221010964?
2
What is the hundreds digit of 64115986?
9
What is the tens digit of 1005391520?
2
What is the thousands digit of 1901637701?
7
What is the units digit of 2436265325?
5
What is the hundreds digit of 827585472?
4
What is the thousands digit of 48089513?
9
What is the millions digit of 30304985?
0
What is the millions digit of 163760361?
3
What is the millions digit of 19291420?
9
What is the tens digit of 34098827?
2
What is the thousands digit of 92871744?
1
What is the tens digit of 168157681?
8
What is the tens digit of 3629112?
1
What is the ten thousands digit of 32090447?
9
What is the ten thousands digit of 111193905?
9
What is the billions digit of 1594509749?
1
What is the hundred millions digit of 5317563060?
3
What is the units digit of 102027712?
2
What is the hundred thousands digit of 284718057?
7
What is the thousands digit of 22161631?
1
What is the billions digit of 3870964137?
3
What is the ten thousands digit of 48077000?
7
What is the ten thousands digit of 110345203?
4
What is the hundreds digit of 1614566364?
3
What is the hundred thousands digit of 553381609?
3
What is the hundreds digit of 3183143791?
7
What is the ten thousands digit of 1394314232?
1
What is the units digit of 490302883?
3
What is the thousands digit of 131618892?
8
What is the ten thousands digit of 3646548594?
4
What is the millions digit of 363845218?
3
What is the tens digit of 42760362?
6
What is the hundreds digit of 917651971?
9
What is the tens digit of 21771563?
6
What is the hundreds digit of 216798149?
1
What is the hundreds digit of 6601351244?
2
What is the tens digit of 160118616?
1
What is the hundreds digit of 1937541799?
7
What is the millions digit of 954987255?
4
What is the hundred millions digit of 110304000?
1
What is the units digit of 50264541?
1
What is the millions digit of 1257205570?
7
What is the ten thousands digit of 38805668?
0
What is the units digit of 108501428?
8
What is the ten thousands digit of 1318098103?
9
What is the hundred thousands digit of 162596351?
5
What is the thousands digit of 3667430596?
0
What is the ten thousands digit of 68653864?
5
What is the tens digit of 20510336?
3
What is the thousands digit of 102983095?
3
What is the millions digit of 16394815?
6
What is the thousands digit of 59150935?
0
What is the millions digit of 60604224?
0
What is the ten thousands digit of 79383310?
8
What is the millions digit of 40381398?
0
What is the millions digit of 35051638?
5
What is the billions digit of 1022549487?
1
What is the tens digit of 124631511?
1
What is the hundred millions digit of 358004629?
3
What is the tens digit of 49410198?
9
What is the units digit of 672659144?
4
What is the hundreds digit of 80361882?
8
What is the ten thousands digit of 516509265?
0
What is the hundred thousands digit of 121072501?
0
What is the ten thousands digit of 544175703?
7
What is the tens digit of 43598150?
5
What is the hundred millions digit of 234628417?
2
What is the ten thousands digit of 75655248?
5
What is the billions digit of 3651240762?
3
What is the tens digit of 6109877973?
7
What is the ten thousands digit of 521457033?
5
What is the thousands digit of 1574489443?
9
What is the ten millions digit of 152164542?
5
What is the hundred thousands digit of 664455966?
4
What is the hundreds digit of 304621248?
2
What is the ten millions digit of 109764143?
0
What is the tens digit of 91635707?
0
What is the billions digit of 1812682445?
1
What is the millions digit of 121998609?
1
What is the tens digit of 38008833?
3
What is the ten millions digit of 41749248?
4
What is the millions digit of 5370892839?
0
What is the units digit of 309259078?
8
What is the hundreds digit of 58043873?
8
What is the tens digit of 417008165?
6
What is the hundreds digit of 76338558?
5
What is the ten millions digit of 858365396?
5
What is the hundred thousands digit of 75517149?
5
What is the tens digit of 226740498?
9
What is the thousands digit of 20724175?
4
What is the tens digit of 40385312?
1
What is the tens digit of 3699761977?
7
What is the thousands digit of 148972575?
2
What is the millions digit of 92941506?
2
What is the units digit of 2464865?
5
What is the hundreds digit of 916842626?
6
What is the hundreds digit of 49370365?
3
What is the hundred thousands digit of 5440992?
4
What is the ten millions digit of 462931932?
6
What is the thousands digit of 219612358?
2
What is the thousands digit of 296599107?
9
What is the millions digit of 112057912?
2
What is the tens digit of 9645340?
4
What is the thousands digit of 63022386?
2
What is the tens digit of 4618254225?
2
What is the tens digit of 622698247?
4
What is the hundreds digit of 1587813885?
8
What is the hundred millions digit of 2590246730?
5
What is the ten millions digit of 41050210?
4
What is the ten millions digit of 11711321